
406
Calculate the remainder when 77932 is divided by 1256.
60
Calculate the remainder when 49881 is divided by 24920.
41
What is the remainder when 80364 is divided by 161?
25
Calculate the remainder when 884324 is divided by 193.
191
What is the remainder when 55263 is divided by 343?
40
Calculate the remainder when 4078 is divided by 4066.
12
What is the remainder when 15594 is divided by 78?
72
What is the remainder when 2845 is divided by 178?
175
What is the remainder when 132524 is divided by 31?
30
What is the remainder when 976 is divided by 123?
115
Calculate the remainder when 2803 is divided by 491.
348
Calculate the remainder when 7671 is divided by 1534.
1
What is the remainder when 4063 is divided by 1012?
15
Calculate the remainder when 37631 is divided by 1075.
6
What is the remainder when 8389 is divided by 291?
241
What is the remainder when 6375 is divided by 299?
96
Calculate the remainder when 21832 is divided by 61.
55
What is the remainder when 286 is divided by 26?
0
What is the remainder when 936 is divided by 913?
23
Calculate the remainder when 17321 is divided by 165.
161
Calculate the remainder when 16314 is divided by 16313.
1
Calculate the remainder when 140952 is divided by 526.
510
What is the remainder when 8530 is divided by 194?
188
What is the remainder when 11279 is divided by 1381?
231
Calculate the remainder when 36767 is divided by 23.
13
Calculate the remainder when 6395 is divided by 243.
77
Calculate the remainder when 1159007 is divided by 96.
95
What is the remainder when 832 is divided by 531?
301
What is the remainder when 2016 is divided by 218?
54
What is the remainder when 5333 is divided by 1037?
148
Calculate the remainder when 6359 is divided by 144.
23
What is the remainder when 458 is divided by 377?
81
Calculate the remainder when 1746 is divided by 715.
316
What is the remainder when 5543 is divided by 231?
230
What is the remainder when 3098074 is divided by 1445?
1439
Calculate the remainder when 2527 is divided by 52.
31
Calculate the remainder when 67360 is divided by 53.
50
What is the remainder when 8195 is divided by 584?
19
Calculate the remainder when 4825953 is divided by 372.
369
What is the remainder when 9040 is divided by 172?
96
Calculate the remainder when 73633 is divided by 1566.
31
What is the remainder when 677693 is divided by 96813?
2
Calculate the remainder when 23939 is divided by 12.
11
Calculate the remainder when 10523 is divided by 286.
227
What is the remainder when 316396 is divided by 24?
4
What is the remainder when 982994 is divided by 389?
380
Calculate the remainder when 573250 is divided by 337.
13
Calculate the remainder when 6299 is divided by 35.
34
Calculate the remainder when 1182255 is divided by 794.
783
What is the remainder when 1825 is divided by 893?
39
What is the remainder when 10240 is divided by 460?
120
What is the remainder when 1505 is divided by 565?
375
Calculate the remainder when 980 is divided by 227.
72
Calculate the remainder when 76086 is divided by 126.
108
Calculate the remainder when 296 is divided by 9.
8
What is the remainder when 2482 is divided by 376?
226
Calculate the remainder when 6120 is divided by 157.
154
What is the remainder when 4325 is divided by 4312?
13
Calculate the remainder when 495540 is divided by 238.
24
What is the remainder when 2813 is divided by 1406?
1
What is the remainder when 8453 is divided by 20?
13
What is the remainder when 6395 is divided by 102?
71
Calculate the remainder when 166320 is divided by 1512.
0
What is the remainder when 3010086 is divided by 8?
6
What is the remainder when 2830 is divided by 2775?
55
Calculate the remainder when 118855 is divided by 200.
55
What is the remainder when 761 is divided by 124?
17
Calculate the remainder when 21483 is divided by 146.
21
Calculate the remainder when 1990 is divided by 561.
307
What is the remainder when 24772 is divided by 4950?
22
What is the remainder when 13363 is divided by 436?
283
What is the remainder when 5296954 is divided by 71?
70
Calculate the remainder when 19804 is divided by 900.
4
Calculate the remainder when 39211 is divided by 1950.
211
Calculate the remainder when 1520258 is divided by 141.
137
Calculate the remainder when 10342 is divided by 611.
566
Calculate the remainder when 54977 is divided by 2199.
2
Calculate the remainder when 6409 is divided by 140.
109
Calculate the remainder when 7322 is divided by 1523.
1230
What is the remainder when 9874 is divided by 519?
13
What is the remainder when 6672 is divided by 1?
0
Calculate the remainder when 340101 is divided by 444.
441
Calculate the remainder when 16642 is divided by 17.
16
What is the remainder when 7876 is divided by 7801?
75
Calculate the remainder when 14607 is divided by 1625.
1607
What is the remainder when 156991 is divided by 23?
16
Calculate the remainder when 1220024 is divided by 38.
34
Calculate the remainder when 106161 is divided by 18.
15
What is the remainder when 11599 is divided by 116?
115
What is the remainder when 3503 is divided by 681?
98
What is the remainder when 30873 is divided by 1929?
9
What is the remainder when 10958 is divided by 3643?
29
What is the remainder when 14897 is divided by 2974?
27
Calculate the remainder when 6497325 is divided by 22.
21
What is the remainder when 107642 is divided by 688?
314
What is the remainder when 6121 is divided by 2019?
64
Calculate the remainder when 134766 is divided by 2750.
16
Calculate the remainder when 582624 is divided by 395.
394
What is the remainder when 375474 is divided by 679?
666
What is the remainder when 27853 is divided by 19?
18
Calculate the remainder when 8235 is divided by 8227.
8
What is the remainder when 650569 is divided by 50043?
10
What is the remainder when 21018 is divided by 438?
432
Calculate the remainder when 108769 is divided by 528.
1
What is the remainder when 220230 is divided by 1311?
1293
What is the remainder when 2653 is divided by 240?
13
What is the remainder when 11349 is divided by 44?
41
What is the remainder when 8097 is divided by 452?
413
Calculate the remainder when 1513 is divided by 1463.
50
Calculate the remainder when 16077 is divided by 231.
138
Calculate the remainder when 6389 is divided by 52.
45
Calculate the remainder when 207784 is divided by 29.
28
Calculate the remainder when 899 is divided by 131.
113
Calculate the remainder when 313037 is divided by 182.
179
Calculate the remainder when 613 is divided by 30.
13
What is the remainder when 1213 is divided by 333?
214
What is the remainder when 5912 is divided by 137?
21
Calculate the remainder when 235885 is divided by 20.
5
What is the remainder when 9895 is divided by 1978?
5
Calculate the remainder when 54664 is divided by 9.
7
What is the remainder when 144524 is divided by 254?
252
Calculate the remainder when 1128933 is divided by 24.
21
Calculate the remainder when 6688 is divided by 831.
40
Calculate the remainder when 19910 is divided by 996.
986
Calculate the remainder when 310995 is divided by 2374.
1
What is the remainder when 35434 is divided by 279?
1
What is the remainder when 424863 is divided by 22?
21
What is the remainder when 23244 is divided by 75?
69
What is the remainder when 272541 is divided by 204?
201
Calculate the remainder when 371061 is divided by 77.
75
What is the remainder when 1722013 is divided by 16?
13
What is the remainder when 136377 is divided by 48?
9
What is the remainder when 18124 is divided by 89?
57
Calculate the remainder when 2238722 is divided by 353.
349
What is the remainder when 227953 is divided by 273?
271
What is the remainder when 1164166 is divided by 18?
16
What is the remainder when 40404 is divided by 6733?
6
Calculate the remainder when 605 is divided by 264.
77
Calculate the remainder when 1095 is divided by 305.
180
Calculate the remainder when 73006 is divided by 351.
349
What is the remainder when 18370 is divided by 340?
10
What is the remainder when 308375 is divided by 859?
853
Calculate the remainder when 87537 is divided by 14.
9
Calculate the remainder when 15860 is divided by 41.
34
What is the remainder when 531784 is divided by 337?
335
What is the remainder when 11280 is divided by 3740?
